?
-25
Let t(i) = -291451*i + 2040215. Give t(7).
58
Let f(b) = 11*b**2 + 1948*b + 77952. Give f(-116).
0
Let v(m) = 721*m**2 - 137742*m + 5918. Determine v(191).
-3
Let p(v) = -3413*v - 10507. What is p(-3)?
-268
Let q(d) = 15*d**3 + 257*d**2 + 256*d - 6. Give q(-1).
-20
Let h(u) = -2*u + 235. Give h(-14).
263
Let q(b) = 2*b**3 - 507*b**2 - 3601*b + 24. Calculate q(-7).
-298
Let c(f) = 198*f + 17407. Determine c(-88).
-17
Let b(o) = o**3 - 17*o**2 + 57*o - 157. Calculate b(13).
-92
Let d(y) = y**3 + 39*y**2 + 205*y + 9781. What is d(-40)?
-19
Let v(j) = -197*j - 4413. What is v(-22)?
-79
Let p(b) = -b**3 - 17*b**2 + 154*b + 133. What is p(-23)?
-235
Let m(n) = -17*n**2 - 16127*n - 32251. What is m(-2)?
-65
Let r(w) = 91*w**2 + 542*w + 721. Give r(-2).
1
Let n(o) = 9*o**2 + 2125*o - 1929. Determine n(-237).
-33
Let v(b) = -13*b**2 + 354*b + 98. What is v(28)?
-182
Let l(a) = 5*a**3 - 36*a**2 - 19*a + 189. Calculate l(2).
47
Let x(q) = -9*q**2 - 28*q + 618. Determine x(-10).
-2
Let t(w) = -7*w**3 + 103*w**2 + 7*w - 122. Calculate t(16).
-2314
Let s(w) = -w**2 - 139*w - 669. Determine s(-5).
1
Let n(k) = 9492*k - 2021841. Give n(213).
-45
Let w(f) = -3*f**3 - 54*f**2 - 217*f - 2515. Determine w(-17).
307
Let x(f) = 326*f - 3042. Give x(10).
218
Let m(i) = i**3 + 30*i**2 + 236*i + 117. Calculate m(-17).
-138
Let d(g) = 4*g**2 + 9*g + 5200. Give d(0).
5200
Let s(i) = i**2 + 330*i + 18302. Calculate s(-71).
-87
Let j(x) = 2*x**3 + 70*x**2 - 132*x - 4626. Determine j(-35).
-6
Let h(x) = -412*x**2 - 2059*x - 31. Give h(-5).
-36
Let w(g) = -2*g**3 + 56*g**2 - 744*g + 16636. What is w(26)?
-4
Let q(s) = -271*s**2 + 15165*s + 608. Calculate q(56).
-8
Let n(r) = -r**3 + 26*r**2 + 391*r + 628. Give n(37).
36
Let z(v) = 18*v**3 - 63*v**2 + 18*v - 9. Determine z(4).
207
Let f(t) = 1569*t - 55094. Calculate f(34).
-1748
Let l(z) = 123*z - 40807. Give l(340).
1013
Let x(b) = -b**2 + 206*b - 10525. Determine x(98).
59
Let v(t) = 2983*t - 775585. Determine v(260).
-5
Let c(n) = 7*n**3 - 932*n**2 + 6188*n - 81. Give c(7).
-32
Let f(z) = -10884*z - 32750. Calculate f(-3).
-98
Let u(g) = g**3 - 51*g**2 - 3198*g + 163830. Determine u(53).
-46
Let a(s) = 455*s + 18414. Give a(-40).
214
Let d(j) = 17791*j + 1423297. Calculate d(-80).
17
Let u(z) = 10*z**2 - 3*z - 971. Give u(12).
433
Let m(u) = -81*u**3 + 173*u**2 + 16*u - 37. Calculate m(2).
39
Let i(o) = -3*o**3 + 25*o**2 + 48*o - 468. Determine i(8).
-20
Let r(a) = -80*a**2 - 4069*a + 459. Give r(-51).
-102
Let g(y) = 224065*y - 1568457. Determine g(7).
-2
Let h(l) = -l**3 - 39*l**2 - 352*l - 10. Determine h(-27).
746
Let f(p) = 61*p**2 + 41357*p - 681. What is f(-678)?
-3
Let l(y) = 2*y**3 - 206*y**2 + 573*y + 906. What is l(100)?
-1794
Let w(s) = s**2 + 68*s + 1319. What is w(-47)?
332
Let t(i) = 131*i**3 - 29*i**2 + 23*i + 71. Calculate t(-2).
-1139
Let a(m) = 350525*m + 7010518. Give a(-20).
18
Let o(p) = 4621*p + 429117. Calculate o(-93).
-636
Let w(m) = 23*m**2 + 2855*m + 510. Calculate w(-124).
138
Let k(h) = 11903*h + 82860. What is k(-7)?
-461
Let o(y) = 5355*y - 1242379. Calculate o(232).
-19
Let v(x) = 133*x - 5344. What is v(40)?
-24
Let r(g) = 3121*g - 312103. Give r(100).
-3
Let g(h) = -1756*h**2 + 40382*h + 134. Determine g(23).
-4
Let a(d) = 92*d + 14073. Determine a(-141).
1101
Let f(d) = 4*d**2 + 72*d + 450. Calculate f(-6).
162
Let w(s) = s**3 + 5*s**2 - 26*s - 245. Calculate w(-8).
-229
Let j(b) = b**3 + 739*b**2 - 64618*b - 266. What is j(79)?
50
Let o(l) = -95963*l - 96017. Determine o(-1).
-54
Let o(i) = 28*i**3 - 2*i**2 + 82*i - 251. Give o(3).
733
Let g(n) = 2*n**3 + 53*n**2 + 61*n + 142. Calculate g(-24).
1558
Let h(r) = r**2 + 46*r - 847. Determine h(-63).
224
Let w(r) = -12*r**2 - 502*r - 4488. Determine w(-29).
-22
Let k(p) = 80*p - 18116. Calculate k(206).
-1636
Let c(d) = -156*d**2 + 306*d + 7. Give c(2).
-5
Let l(o) = -1509*o + 3040. Determine l(2).
22
Let k(t) = 32913*t + 6845910. Give k(-208).
6
Let f(l) = l**2 - 553*l + 64480. Determine f(167).
18
Let q(t) = -t**3 + 19*t**2 + 13*t - 444. Calculate q(18).
114
Let r(u) = -46*u**2 - 11584*u + 1827. Give r(-252).
-189
Let u(d) = 20*d**2 + 229*d + 373. Give u(-2).
-5
Let n(d) = -5*d**3 - 3899*d**2 - 3174*d - 45187. Determine n(-779).
-5
Let y(p) = -72*p**2 + 8271*p + 1044. Calculate y(115).
9
Let b(g) = 12361*g + 123609. Determine b(-10).
-1
Let f(g) = -70168*g - 771854. What is f(-11)?
-6
Let m(p) = p**3 - 150*p**2 + 454*p + 43. What is m(3)?
82
Let h(f) = 2*f**2 - 124*f + 1473. Determine h(33).
-441
Let q(o) = 1514*o - 77214. What is q(51)?
0
Let y(p) = -3*p**2 - 5286*p + 26499. Calculate y(5).
-6
Let b(p) = 29*p**3 - 2*p**2 + 58*p + 220. Calculate b(-4).
-1900
Let c(o) = 134*o**2 + 1593*o + 1310. What is c(-11)?
1
Let s(u) = -u**3 - 124*u**2 + 3890*u - 62. Determine s(26).
-322
Let g(a) = 4693*a - 57270. Determine g(12).
-954
Let t(u) = 35*u - 4633. What is t(142)?
337
Let m(h) = h**3 + 169*h**2 + 350*h + 2743. What is m(-167)?
71
Let a(m) = m**2 - 148*m + 549. Determine a(4).
-27
Let q(w) = -w**3 - 162*w**2 - 290*w + 4830. Calculate q(-160).
30
Let u(s) = s**3 - 22*s**2 - 114*s + 1147. Determine u(25).
172
Let l(y) = y**3 - 34*y**2 + 264*y - 7781. What is l(33)?
-158
Let p(y) = -78*y**2 + 157*y - 12. What is p(2)?
-10
Let i(l) = 321*l**2 + 2545*l - 179. Determine i(-8).
5
Let a(f) = -2*f**2 + 456*f - 10802. Determine a(27).
52
Let l(p) = 187*p**2 - 12842*p - 4206. Give l(69).
3
Let o(a) = -a**3 + 402*a**2 - 32114*a - 1701. What is o(292)?
51
Let z(s) = -83*s - 6519. Calculate z(-55).
-1954
Let o(v) = -6680*v - 554459. Give o(-83).
-19
Let o(h) = 2*h**3 - 4*h**2 + 1897*h - 11417. Determine o(6).
253
Let q(c) = -c**2 + 239*c - 11260. Give q(67).
264
Let y(m) = 2*m**3 - 768*m**2 - 776*m + 2300. Determine y(385).
-10
Let n(v) = 6*v**3 + 6*v**2 + 93*v - 963. What is n(9)?
4734
Let c(y) = 218*y - 709. Calculate c(4).
163
Let s(o) = -7526*o - 90353. Determine s(-12).
-41
Let k(y) = -y**3 - 108*y**2 - 307*y - 9983. What is k(-106)?
87
Let u(g) = 298*g + 14665. Give u(-51).
-533
Let l(v) = v**2 + 1077696*v + 7543816. Give l(-7).
-7
Let z(v) = -2*v**2 + 170*v + 5782. What is z(112)?
-266
Let n(j) = -215*j + 4394. Calculate n(18).
524
Let g(d) = 11*d**2 + 414*d - 7047. Give g(-50).
-247
Let n(q) = q**3 - 21*q**2 - 51*q - 99. Give n(23).
-214
Let u(j) = -j**3 + 175*j**2 + 664*j + 9314. Give u(179).
6
Let t(b) = b**2 + 363*b + 21219. Determine t(-73).
49
Let z(d) = 3275*d**2 - 85*d + 86. Determine z(1).
3276
Let h(w) = -w**3 + 33*w**2 - 489*w + 4221. Calculate h(19).
-16
Let z(o) = -o**3 + 14*o**2 - 486*o + 6791. What is z(14)?
-13
Let w(x) = 8338*x - 333434. What is w(40)?
86
Let q(w) = -159*w**2 - 931*w + 977. Determine q(1).
-113
Let a(d) = 5222*d - 140984. Calculate a(27).
10
Let x(p) = 17*p**3 + 262*p**2 + 111*p + 104. Calculate x(-15).
14
Let o(z) = -z**3 - 23*z**2 - 81*z - 763. Determine o(-21).
56
Let y(i) = i**3 - 20*i**2 - 439*i + 7713. What is y(24)?
-519
Let g(h) = 4*h**3 - 3*h**2 - 2037*h + 14442. What is g(8)?
2
Let z(f) = -286*f - 34129. Give z(-120).
191
Let x(h) = -2*h**3 - 96*h**2 + 919*h + 50768. Calculate x(-46).
30
Let n(b) = -795*b + 36630. Calculate n(46).
60
Let w(m) = 52586*m - 2103422. What is w(40)?
18
Let z(a) = 2336*a + 1214708. Give z(-520).
-12
Let z(b) = 10*b**3 + 86*b**2 + 59*b + 16. Give z(-8).
-72
Let d(w) = -6662*w - 339927. What is d(-51)?
-165
Let p(f) = 72*f + 6905. Give p(-139).
-3103
Let j(r) = r**3 + 116*r**2 + 1099*r + 113178. Give j(-115).
18
Let m(u) = -151*u**2 + 222*u - 115. What is m(1)?
-44
Let k(t) = -2*t**2 + 734*t + 13809. Calculate k(-18).
-51
Let f(i) = -i**3 + 228*i**2 + 387*i + 70684. What is f(231)?
-2
Let j(n) = -2*n**2 + 227*n + 1048. What is j(118)?
-14
Let m(y) = 2*y**3 - 537*y**2 - 1918*y + 265. What is m(272)?
-3543
Let a(w) = -w**2 + 16*w + 1007. What is a(13)?
1046
Let x(z) = -34893*z - 1116581. What is x(-32)?
-5
Let m(o) = -23*o**3 + 448*o**2 - 113*o - 1809. Calculate m(19).
15
Let f(v) = 24582*v + 21. Determine f(0).
21
Let z(y) = -2*y**3 - 2171*y**2 + 719*y - 398567. Calculate z(-1086).
-5
Let l(i) = -164*i**2 + 496*i + 44. What is l(3)?
56
Let b(y) = 3*y**2 + 10225*y + 334154. Determine b(-33).
-4
Let u(x) = x**3 + 28*x**2 - 340*x - 792. Determine u(-2).
-8
Let c(o) = 28